{"id":943,"date":"2024-07-18T14:53:34","date_gmt":"2024-07-18T11:53:34","guid":{"rendered":"https:\/\/shop.tampere.fi\/vapriikki\/tuote\/eppu-normaali-valkoinen-kupla-limited-special-edition\/"},"modified":"2026-03-24T15:31:20","modified_gmt":"2026-03-24T13:31:20","slug":"eppu-normaali-valkoinen-kupla-limited-special-edition","status":"publish","type":"product","link":"https:\/\/shop.tampere.fi\/vapriikki\/tuote\/eppu-normaali-valkoinen-kupla-limited-special-edition\/?lang=en","title":{"rendered":"Eppu Normaali: Valkoinen kupla &#8211; Limited Special Edition!"},"content":{"rendered":"<p><strong>LIMITED SPECIAL EDITION, ONLY AVAILABLE AT VAPRIIKKI MUSEUM SHOP!<\/strong><\/p>\n<p>\u00a0<\/p>\n<p>Transparent 160g vinyl LP (33rpm)<\/p>\n<p>Folded covers, lyric sheet<\/p>\n<p>\u00a0<\/p>\n<p>EPPU NORMAALI &#8211; VALKOINEN KUPLA<\/p>\n<p>\u00a0<\/p>\n<p>A<\/p>\n<p>1. En Saa Mielest\u00e4 Sinua<\/p>\n<p>2. Kaikki H\u00e4ipyy, On Vain Nyt<\/p>\n<p>3. Pois Meluun Ja Tuiskeeseen<\/p>\n<p>4. Kultaista Sadetta<\/p>\n<p>5. Kun Jatsia Kuunneltiin<\/p>\n<p>\u00a0<\/p>\n<p>B<\/p>\n<p>1. Valkoinen Kupla<\/p>\n<p>2. Joka P\u00e4iv\u00e4 Ja Joka Ikinen Y\u00f6<\/p>\n<p>3. Mutta Ihmeist\u00e4 Suurin (Joka J\u00e4i N\u00e4kem\u00e4tt\u00e4)<\/p>\n<p>4. Eih\u00e4n T\u00e4m\u00e4n Nyt N\u00e4in Pit\u00e4nyt Olla<\/p>\n<p>5. Paha Taika<\/p>\n<p>\u00a0<\/p>\n<p>Remastering of the vinyl edition: Samu Oittinen, Fantom Studio<\/p>\n<p>Published: 1986 \/ 2024<\/p>\n<p>Publisher: Backstage Rock Shop Oy<\/p>\n<p>Disc code: BRS-014<\/p>\n<p>\u00a0<\/p>\n<p>www.backstagerockshop.com<\/p>\n<p>www.eppunormaali.com<\/p>\n","protected":false},"excerpt":{"rendered":"<p>LIMITED SPECIAL EDITION, ONLY AVAILABLE AT VAPRIIKKI MUSEUM SHOP! \u00a0 Transparent 160g vinyl LP (33rpm) Folded covers, lyric sheet \u00a0 EPPU NORMAALI &#8211; VALKOINEN KUPLA \u00a0 A 1. En Saa Mielest\u00e4 Sinua 2. Kaikki H\u00e4ipyy, On Vain Nyt 3. Pois Meluun Ja Tuiskeeseen 4. Kultaista Sadetta 5. Kun Jatsia Kuunneltiin \u00a0 B 1. Valkoinen Kupla [&hellip;]<\/p>\n","protected":false},"featured_media":939,"template":"","meta":[],"product_brand":[],"product_cat":[68],"product_tag":[],"class_list":{"0":"post-943","1":"product","2":"type-product","3":"status-publish","4":"has-post-thumbnail","6":"product_cat-manserock-0","8":"first","9":"instock","10":"taxable","11":"shipping-taxable","12":"purchasable","13":"product-type-simple"},"_links":{"self":[{"href":"https:\/\/shop.tampere.fi\/vapriikki\/wp-json\/wp\/v2\/product\/943","targetHints":{"allow":["GET"]}}],"collection":[{"href":"https:\/\/shop.tampere.fi\/vapriikki\/wp-json\/wp\/v2\/product"}],"about":[{"href":"https:\/\/shop.tampere.fi\/vapriikki\/wp-json\/wp\/v2\/types\/product"}],"wp:featuredmedia":[{"embeddable":true,"href":"https:\/\/shop.tampere.fi\/vapriikki\/wp-json\/wp\/v2\/media\/939"}],"wp:attachment":[{"href":"https:\/\/shop.tampere.fi\/vapriikki\/wp-json\/wp\/v2\/media?parent=943"}],"wp:term":[{"taxonomy":"product_brand","embeddable":true,"href":"https:\/\/shop.tampere.fi\/vapriikki\/wp-json\/wp\/v2\/product_brand?post=943"},{"taxonomy":"product_cat","embeddable":true,"href":"https:\/\/shop.tampere.fi\/vapriikki\/wp-json\/wp\/v2\/product_cat?post=943"},{"taxonomy":"product_tag","embeddable":true,"href":"https:\/\/shop.tampere.fi\/vapriikki\/wp-json\/wp\/v2\/product_tag?post=943"}],"curies":[{"name":"wp","href":"https:\/\/api.w.org\/{rel}","templated":true}]}}