{"id":832,"date":"2024-07-10T16:53:38","date_gmt":"2024-07-10T13:53:38","guid":{"rendered":"https:\/\/shop.tampere.fi\/vapriikki\/tuote\/suomen-jaakiekkomuseo-retrokiekko\/"},"modified":"2026-03-24T15:33:11","modified_gmt":"2026-03-24T13:33:11","slug":"suomen-jaakiekkomuseo-retrokiekko","status":"publish","type":"product","link":"https:\/\/shop.tampere.fi\/vapriikki\/tuote\/suomen-jaakiekkomuseo-retrokiekko\/","title":{"rendered":"Suomen j\u00e4\u00e4kiekkomuseo: Retrokiekko"},"content":{"rendered":"<p>Suomen J\u00e4\u00e4kiekkomuseon kannatustuote!\u00a0<\/p>\n<p>Ostamalla retrokiekon tuet J\u00e4\u00e4kiekkomuseon ty\u00f6t\u00e4 suomalaisen j\u00e4\u00e4kiekkoilun ja sen historian tallentamisen puolesta.<\/p>\n<p>Retrokiekossa on J\u00e4\u00e4kiekkomuseon logo vuosituhannen alusta. Ero nykyiseen on selvimmin havaittavissa erilaisesta v\u00e4rimaailmastaja vanhasta&#8221;Finnish Hockey Hall of Fame&#8221; -nimest\u00e4. Yhteens\u00e4 j\u00e4\u00e4kiekkomuseolla on ollut nelikymmenvuotisen historiansa aikana nelj\u00e4 eri logoa.<\/p>\n","protected":false},"excerpt":{"rendered":"<p>Suomen J\u00e4\u00e4kiekkomuseon kannatustuote!\u00a0 Ostamalla retrokiekon tuet J\u00e4\u00e4kiekkomuseon ty\u00f6t\u00e4 suomalaisen j\u00e4\u00e4kiekkoilun ja sen historian tallentamisen puolesta. Retrokiekossa on J\u00e4\u00e4kiekkomuseon logo vuosituhannen alusta. Ero nykyiseen on selvimmin havaittavissa erilaisesta v\u00e4rimaailmastaja vanhasta&#8221;Finnish Hockey Hall of Fame&#8221; -nimest\u00e4. Yhteens\u00e4 j\u00e4\u00e4kiekkomuseolla on ollut nelikymmenvuotisen historiansa aikana nelj\u00e4 eri logoa.<\/p>\n","protected":false},"featured_media":829,"template":"","meta":[],"product_brand":[],"product_cat":[70],"product_tag":[],"class_list":{"0":"post-832","1":"product","2":"type-product","3":"status-publish","4":"has-post-thumbnail","6":"product_cat-suomen-jaakiekkomuseo","8":"first","9":"instock","10":"taxable","11":"shipping-taxable","12":"purchasable","13":"product-type-simple"},"_links":{"self":[{"href":"https:\/\/shop.tampere.fi\/vapriikki\/wp-json\/wp\/v2\/product\/832","targetHints":{"allow":["GET"]}}],"collection":[{"href":"https:\/\/shop.tampere.fi\/vapriikki\/wp-json\/wp\/v2\/product"}],"about":[{"href":"https:\/\/shop.tampere.fi\/vapriikki\/wp-json\/wp\/v2\/types\/product"}],"wp:featuredmedia":[{"embeddable":true,"href":"https:\/\/shop.tampere.fi\/vapriikki\/wp-json\/wp\/v2\/media\/829"}],"wp:attachment":[{"href":"https:\/\/shop.tampere.fi\/vapriikki\/wp-json\/wp\/v2\/media?parent=832"}],"wp:term":[{"taxonomy":"product_brand","embeddable":true,"href":"https:\/\/shop.tampere.fi\/vapriikki\/wp-json\/wp\/v2\/product_brand?post=832"},{"taxonomy":"product_cat","embeddable":true,"href":"https:\/\/shop.tampere.fi\/vapriikki\/wp-json\/wp\/v2\/product_cat?post=832"},{"taxonomy":"product_tag","embeddable":true,"href":"https:\/\/shop.tampere.fi\/vapriikki\/wp-json\/wp\/v2\/product_tag?post=832"}],"curies":[{"name":"wp","href":"https:\/\/api.w.org\/{rel}","templated":true}]}}