{"id":708,"date":"2024-05-15T11:54:56","date_gmt":"2024-05-15T08:54:56","guid":{"rendered":"https:\/\/shop.tampere.fi\/vapriikki\/tuote\/finlayson-ii-1918-2020-puuvillan-jattilainen-2\/"},"modified":"2026-03-24T15:32:14","modified_gmt":"2026-03-24T13:32:14","slug":"finlayson-ii-1918-2020-puuvillan-jattilainen-2","status":"publish","type":"product","link":"https:\/\/shop.tampere.fi\/vapriikki\/tuote\/finlayson-ii-1918-2020-puuvillan-jattilainen-2\/","title":{"rendered":"Finlayson II (1918-2020) \u2013 Puuvillan j\u00e4ttil\u00e4inen"},"content":{"rendered":"<p>Finlaysonin tehdas Tammerkosken partaalla oli 1920-luvulla jo satavuotias suomalaisen teollisuuden ikoni, tuhansia ihmisi\u00e4 ty\u00f6llist\u00e4nyt Pohjoismaiden suurin tehdas. Omat asuntoalueet, sosiaalipalvelut ja seuratoiminta tekiv\u00e4t \u2019vinlaysonilaisista\u2019 omintakeisen yhteis\u00f6n tehdaskaupungin ytimess\u00e4. Yhden tehtaan merkityst\u00e4 koko kaupungille ei voi t\u00e4ss\u00e4 tapauksessa liioitella. Finlaysonin historian toinen osa kertoo ensimm\u00e4isen kerran, miten suuryhti\u00f6 onnistui s\u00e4ilytt\u00e4m\u00e4\u00e4n poikkeuksellisen asemansa ja maineensa aina 1970-luvulle asti. Vasta tuolloin yhti\u00f6 joutui ensin kannattavuuskriisiin, sitten sy\u00f6ksykierteeseen ja lopulta myyntiin. Viimeiset koneet pys\u00e4htyiv\u00e4t 1990-luvulla. J\u00e4ljelle j\u00e4iv\u00e4t vaikuttavat rakennukset, Finlaysonin nimi ja tuhannet kangaskuosit, jotka kirjan runsas kuvitus palauttaa eloon. Finlaysonin tarina on osa teollisuuden globaalia rakennemuutosta. Se on my\u00f6s tarina teollisen rakennusperinteen synnyst\u00e4 ja pelastumisesta. Suljetusta tehdasalueesta tuli historiaa henkiv\u00e4 kaupunkilaisten olohuone, joka muistuttaa kadonneesta tehdasyhteis\u00f6st\u00e4, mutta on samalla osa j\u00e4lkipolvien identiteetti\u00e4.<\/p>\n<p>Teoksen on kirjoittanut dosentti Jussi Koivuniemi. Omilta erityisosaamisalueiltaan kirjaan ovat artikkelit kirjoittaneet professori Heidi Pietarinen, dosentti Jarmo Peltola ja FT Marja L\u00e4hteenm\u00e4ki. Artikkelit t\u00e4ydent\u00e4v\u00e4t omilla n\u00e4k\u00f6kulmillaan Finlaysonin kankaiden mallisuunnittelun sek\u00e4 designen kehityst\u00e4 1960-80-luvuilla, Finlaysonin ty\u00f6ntekij\u00f6iden ty\u00f6oloja ja ty\u00f6markkinasuhteita sek\u00e4 Finlaysonin rakennusperinnett\u00e4 ja alueen uusiok\u00e4ytt\u00f6\u00e4. Finlaysonin valtavaa tuotteiden kirjoa esittelev\u00e4t pienoisartikkelit ovat kirjoittaneet Tampereen historiallisten museoiden tutkijat Anne-Mari Lehto ja Mari Lind. Teoksen kuvatoimitus on tehty Vapriikin kuva-arkistossa yhteisty\u00f6ss\u00e4 kirjoittajan kanssa.<\/p>\n<p>\u00a0<\/p>\n<p>Kirjoittaja: Jussi Koivuniemi<\/p>\n<p>Tampereen museoiden julkaisuja 166<\/p>\n<p>615 sivua, runsas kuvitus<\/p>\n<p>ISBN 978-952-371-033-7<\/p>\n","protected":false},"excerpt":{"rendered":"<p>Finlaysonin tehdas Tammerkosken partaalla oli 1920-luvulla jo satavuotias suomalaisen teollisuuden ikoni, tuhansia ihmisi\u00e4 ty\u00f6llist\u00e4nyt Pohjoismaiden suurin tehdas. Omat asuntoalueet, sosiaalipalvelut ja seuratoiminta tekiv\u00e4t \u2019vinlaysonilaisista\u2019 omintakeisen yhteis\u00f6n tehdaskaupungin ytimess\u00e4. Yhden tehtaan merkityst\u00e4 koko kaupungille ei voi t\u00e4ss\u00e4 tapauksessa liioitella. Finlaysonin historian toinen osa kertoo ensimm\u00e4isen kerran, miten suuryhti\u00f6 onnistui s\u00e4ilytt\u00e4m\u00e4\u00e4n poikkeuksellisen asemansa ja maineensa aina 1970-luvulle [&hellip;]<\/p>\n","protected":false},"featured_media":307,"template":"","meta":[],"product_brand":[],"product_cat":[64],"product_tag":[],"class_list":{"0":"post-708","1":"product","2":"type-product","3":"status-publish","4":"has-post-thumbnail","6":"product_cat-kirjat","8":"first","9":"instock","10":"sale","11":"taxable","12":"shipping-taxable","13":"purchasable","14":"product-type-simple"},"_links":{"self":[{"href":"https:\/\/shop.tampere.fi\/vapriikki\/wp-json\/wp\/v2\/product\/708","targetHints":{"allow":["GET"]}}],"collection":[{"href":"https:\/\/shop.tampere.fi\/vapriikki\/wp-json\/wp\/v2\/product"}],"about":[{"href":"https:\/\/shop.tampere.fi\/vapriikki\/wp-json\/wp\/v2\/types\/product"}],"wp:featuredmedia":[{"embeddable":true,"href":"https:\/\/shop.tampere.fi\/vapriikki\/wp-json\/wp\/v2\/media\/307"}],"wp:attachment":[{"href":"https:\/\/shop.tampere.fi\/vapriikki\/wp-json\/wp\/v2\/media?parent=708"}],"wp:term":[{"taxonomy":"product_brand","embeddable":true,"href":"https:\/\/shop.tampere.fi\/vapriikki\/wp-json\/wp\/v2\/product_brand?post=708"},{"taxonomy":"product_cat","embeddable":true,"href":"https:\/\/shop.tampere.fi\/vapriikki\/wp-json\/wp\/v2\/product_cat?post=708"},{"taxonomy":"product_tag","embeddable":true,"href":"https:\/\/shop.tampere.fi\/vapriikki\/wp-json\/wp\/v2\/product_tag?post=708"}],"curies":[{"name":"wp","href":"https:\/\/api.w.org\/{rel}","templated":true}]}}