{"id":558,"date":"2024-05-15T03:41:48","date_gmt":"2024-05-15T00:41:48","guid":{"rendered":"https:\/\/shop.tampere.fi\/vapriikki\/tuote\/manserock-sukat\/"},"modified":"2026-03-24T15:35:07","modified_gmt":"2026-03-24T13:35:07","slug":"manserock-sukat","status":"publish","type":"product","link":"https:\/\/shop.tampere.fi\/vapriikki\/tuote\/manserock-sukat\/","title":{"rendered":"MANSEROCK sukat"},"content":{"rendered":"<p>Kest\u00e4v\u00e4t ja joustavat Manserock-sukat jyt\u00e4\u00e4n ja jameihin!<\/p>\n<p>40% Kierr\u00e4tyspuuvilla<\/p>\n<p>30% Polyamidi<\/p>\n<p>18% Kierr\u00e4tyspolyesteri<\/p>\n<p>8% Kampapuuvilla<\/p>\n<p>4% Lycra<\/p>\n<p>Kudottu Manserock-logo sukan ulkosyrj\u00e4ss\u00e4.<\/p>\n<p>Konepest\u00e4v\u00e4t Manserock-sukat on valmistettu Suomessa, Sidosteen sukkatehtaalla.<\/p>\n<p>Manserock-logon on suunnitellut graafikko Kari Lahtinen.<\/p>\n","protected":false},"excerpt":{"rendered":"<p>Kest\u00e4v\u00e4t ja joustavat Manserock-sukat jyt\u00e4\u00e4n ja jameihin! 40% Kierr\u00e4tyspuuvilla 30% Polyamidi 18% Kierr\u00e4tyspolyesteri 8% Kampapuuvilla 4% Lycra Kudottu Manserock-logo sukan ulkosyrj\u00e4ss\u00e4. Konepest\u00e4v\u00e4t Manserock-sukat on valmistettu Suomessa, Sidosteen sukkatehtaalla. Manserock-logon on suunnitellut graafikko Kari Lahtinen.<\/p>\n","protected":false},"featured_media":355,"template":"","meta":[],"product_brand":[],"product_cat":[67],"product_tag":[],"class_list":{"0":"post-558","1":"product","2":"type-product","3":"status-publish","4":"has-post-thumbnail","6":"product_cat-manserock","8":"first","9":"instock","10":"taxable","11":"shipping-taxable","12":"purchasable","13":"product-type-variable"},"_links":{"self":[{"href":"https:\/\/shop.tampere.fi\/vapriikki\/wp-json\/wp\/v2\/product\/558","targetHints":{"allow":["GET"]}}],"collection":[{"href":"https:\/\/shop.tampere.fi\/vapriikki\/wp-json\/wp\/v2\/product"}],"about":[{"href":"https:\/\/shop.tampere.fi\/vapriikki\/wp-json\/wp\/v2\/types\/product"}],"wp:featuredmedia":[{"embeddable":true,"href":"https:\/\/shop.tampere.fi\/vapriikki\/wp-json\/wp\/v2\/media\/355"}],"wp:attachment":[{"href":"https:\/\/shop.tampere.fi\/vapriikki\/wp-json\/wp\/v2\/media?parent=558"}],"wp:term":[{"taxonomy":"product_brand","embeddable":true,"href":"https:\/\/shop.tampere.fi\/vapriikki\/wp-json\/wp\/v2\/product_brand?post=558"},{"taxonomy":"product_cat","embeddable":true,"href":"https:\/\/shop.tampere.fi\/vapriikki\/wp-json\/wp\/v2\/product_cat?post=558"},{"taxonomy":"product_tag","embeddable":true,"href":"https:\/\/shop.tampere.fi\/vapriikki\/wp-json\/wp\/v2\/product_tag?post=558"}],"curies":[{"name":"wp","href":"https:\/\/api.w.org\/{rel}","templated":true}]}}