{"id":540,"date":"2024-05-15T03:41:31","date_gmt":"2024-05-15T00:41:31","guid":{"rendered":"https:\/\/shop.tampere.fi\/vapriikki\/tuote\/manserock-plektra\/"},"modified":"2026-03-24T15:34:12","modified_gmt":"2026-03-24T13:34:12","slug":"manserock-plektra","status":"publish","type":"product","link":"https:\/\/shop.tampere.fi\/vapriikki\/tuote\/manserock-plektra\/","title":{"rendered":"MANSEROCK plektra"},"content":{"rendered":"<p>Sulavaan soitantaan Manserock plektrat kolmessa v\u00e4riss\u00e4 ja eri vahvuuksilla:<\/p>\n<p>1. Musta .46mm<\/p>\n<p>2. Oranssi .66mm<\/p>\n<p>3. Vihre\u00e4 .88mm<\/p>\n<p>Manserock-logon on suunnitellut graafikko Kari Lahtinen.<\/p>\n<p>Tuotteet on valmistettu yhteisty\u00f6ss\u00e4 Backstage Rock Shopin kanssa.<\/p>\n","protected":false},"excerpt":{"rendered":"<p>Sulavaan soitantaan Manserock plektrat kolmessa v\u00e4riss\u00e4 ja eri vahvuuksilla: 1. Musta .46mm 2. Oranssi .66mm 3. Vihre\u00e4 .88mm Manserock-logon on suunnitellut graafikko Kari Lahtinen. Tuotteet on valmistettu yhteisty\u00f6ss\u00e4 Backstage Rock Shopin kanssa.<\/p>\n","protected":false},"featured_media":187,"template":"","meta":[],"product_brand":[],"product_cat":[67],"product_tag":[],"class_list":{"0":"post-540","1":"product","2":"type-product","3":"status-publish","4":"has-post-thumbnail","6":"product_cat-manserock","8":"first","9":"instock","10":"taxable","11":"shipping-taxable","12":"purchasable","13":"product-type-variable"},"_links":{"self":[{"href":"https:\/\/shop.tampere.fi\/vapriikki\/wp-json\/wp\/v2\/product\/540","targetHints":{"allow":["GET"]}}],"collection":[{"href":"https:\/\/shop.tampere.fi\/vapriikki\/wp-json\/wp\/v2\/product"}],"about":[{"href":"https:\/\/shop.tampere.fi\/vapriikki\/wp-json\/wp\/v2\/types\/product"}],"wp:featuredmedia":[{"embeddable":true,"href":"https:\/\/shop.tampere.fi\/vapriikki\/wp-json\/wp\/v2\/media\/187"}],"wp:attachment":[{"href":"https:\/\/shop.tampere.fi\/vapriikki\/wp-json\/wp\/v2\/media?parent=540"}],"wp:term":[{"taxonomy":"product_brand","embeddable":true,"href":"https:\/\/shop.tampere.fi\/vapriikki\/wp-json\/wp\/v2\/product_brand?post=540"},{"taxonomy":"product_cat","embeddable":true,"href":"https:\/\/shop.tampere.fi\/vapriikki\/wp-json\/wp\/v2\/product_cat?post=540"},{"taxonomy":"product_tag","embeddable":true,"href":"https:\/\/shop.tampere.fi\/vapriikki\/wp-json\/wp\/v2\/product_tag?post=540"}],"curies":[{"name":"wp","href":"https:\/\/api.w.org\/{rel}","templated":true}]}}