{"id":489,"date":"2024-05-13T15:09:40","date_gmt":"2024-05-13T12:09:40","guid":{"rendered":"https:\/\/shop.tampere.fi\/vapriikki\/tuote\/20-vuotta-sikana-7-vinyylisinkku\/"},"modified":"2026-03-24T15:33:17","modified_gmt":"2026-03-24T13:33:17","slug":"20-vuotta-sikana-7-vinyylisinkku","status":"publish","type":"product","link":"https:\/\/shop.tampere.fi\/vapriikki\/tuote\/20-vuotta-sikana-7-vinyylisinkku\/","title":{"rendered":"MANSEROCK 20 vuotta sikana 7&#8243; musta vinyylisinkku"},"content":{"rendered":"<p><strong>Ensimm\u00e4inen painos, musta vinyyli<\/strong><\/p>\n<p>Vapriikki, manserockin eturivin artistit ja levy-yhti\u00f6 hiljaiset levyt yhdistiv\u00e4t voimansa ja toteuttivat uudelleenversioinnin Eppupopedanormaalin klassikosta \u201d20 vuotta sikana\u201d. Ainoastaan vinyylisinglen\u00e4 julkaistu kappale on kunnianosoitus manserockille ja ainoalle oikealle musiikkiformaatille. Singlen a-puoli pit\u00e4\u00e4 sis\u00e4ll\u00e4\u00e4n uudelleenversioinnin klassikkobiisist\u00e4 ja b-puolelta l\u00f6ytyy sama kappale karaokeversiona! Singlen mukana tulee liite, josta l\u00f6ytyvien sanojen my\u00f6t\u00e4 jokaisessa kodissa on mahdollista hoilata t\u00e4m\u00e4n manserockin ikivihre\u00e4n mukana. Single\u00e4 on rajoitettu painos ja sit\u00e4 on saatavilla vain Vapriikin museokaupassa ja Vapriikin verkkokaupassa. T\u00e4t\u00e4 et l\u00f6yd\u00e4 suoratoistopalveluista!<\/p>\n<p>\u00a0<\/p>\n<p>7&#8243; vinyylisingle<\/p>\n<p>A: Vapriikin Manserock-versio<\/p>\n<p>B: Karaokeversio<\/p>\n<p>Vapriikin Manserock-orkesteri<\/p>\n<p>Martti Syrj\u00e4: laulu<\/p>\n<p>Pate Mustaj\u00e4rvi: laulu<\/p>\n<p>Juha Torvinen: kitara<\/p>\n<p>Costello Hautam\u00e4ki: kitara, laulu<\/p>\n<p>Sami Ruusukallio: basso, laulu<\/p>\n<p>Aku Syrj\u00e4: rummut<\/p>\n<p>Mikko Kangasj\u00e4rvi: piano<\/p>\n<p>Masa Orpana: Saksofonit<\/p>\n<p>Taustalaulut: Toni L\u00e4hteenm\u00e4ki, Noora Louhimo, Anton \u00c4ik\u00e4s, Vesa Holmala<\/p>\n<p>Tuotanto: Otto Hallamaa, Mikko Kangasj\u00e4rvi ja Juuso Nordlund<\/p>\n<p>\u00c4\u00e4nitys ja miksaus: Juuso Nordlund ja Otto Hallamaa \/ JJ Studio<\/p>\n<p>Lis\u00e4-\u00e4\u00e4nitykset: Mikko Kangasj\u00e4rvi ja Onni Pietil\u00e4 \/ Headline Studio<\/p>\n<p>Masterointi: Mikko Saarinen<\/p>\n<p>Yleinen ihmettely ja h\u00e4mm\u00e4stely: Jukka Junttila<\/p>\n<p>Valokuvat: Juha Torvinen, Seija-Leena Nevala, Olli-Pekka Myyr\u00e4, Sami Ruusukalllio<\/p>\n<p>Graafinen suunnittelu: Kari Lahtinen\u00a0<\/p>\n<p>Julkaisija: Vapriikki, Hiljaiset levyt<\/p>\n<p>Julkaisuvuosi: 2024<\/p>\n<p>Vapr-001<\/p>\n","protected":false},"excerpt":{"rendered":"<p>Ensimm\u00e4inen painos, musta vinyyli Vapriikki, manserockin eturivin artistit ja levy-yhti\u00f6 hiljaiset levyt yhdistiv\u00e4t voimansa ja toteuttivat uudelleenversioinnin Eppupopedanormaalin klassikosta \u201d20 vuotta sikana\u201d. Ainoastaan vinyylisinglen\u00e4 julkaistu kappale on kunnianosoitus manserockille ja ainoalle oikealle musiikkiformaatille. Singlen a-puoli pit\u00e4\u00e4 sis\u00e4ll\u00e4\u00e4n uudelleenversioinnin klassikkobiisist\u00e4 ja b-puolelta l\u00f6ytyy sama kappale karaokeversiona! Singlen mukana tulee liite, josta l\u00f6ytyvien sanojen my\u00f6t\u00e4 jokaisessa kodissa [&hellip;]<\/p>\n","protected":false},"featured_media":923,"template":"","meta":[],"product_brand":[],"product_cat":[67],"product_tag":[],"class_list":{"0":"post-489","1":"product","2":"type-product","3":"status-publish","4":"has-post-thumbnail","6":"product_cat-manserock","8":"first","9":"instock","10":"taxable","11":"shipping-taxable","12":"purchasable","13":"product-type-simple"},"_links":{"self":[{"href":"https:\/\/shop.tampere.fi\/vapriikki\/wp-json\/wp\/v2\/product\/489","targetHints":{"allow":["GET"]}}],"collection":[{"href":"https:\/\/shop.tampere.fi\/vapriikki\/wp-json\/wp\/v2\/product"}],"about":[{"href":"https:\/\/shop.tampere.fi\/vapriikki\/wp-json\/wp\/v2\/types\/product"}],"wp:featuredmedia":[{"embeddable":true,"href":"https:\/\/shop.tampere.fi\/vapriikki\/wp-json\/wp\/v2\/media\/923"}],"wp:attachment":[{"href":"https:\/\/shop.tampere.fi\/vapriikki\/wp-json\/wp\/v2\/media?parent=489"}],"wp:term":[{"taxonomy":"product_brand","embeddable":true,"href":"https:\/\/shop.tampere.fi\/vapriikki\/wp-json\/wp\/v2\/product_brand?post=489"},{"taxonomy":"product_cat","embeddable":true,"href":"https:\/\/shop.tampere.fi\/vapriikki\/wp-json\/wp\/v2\/product_cat?post=489"},{"taxonomy":"product_tag","embeddable":true,"href":"https:\/\/shop.tampere.fi\/vapriikki\/wp-json\/wp\/v2\/product_tag?post=489"}],"curies":[{"name":"wp","href":"https:\/\/api.w.org\/{rel}","templated":true}]}}