{"id":1123,"date":"2024-11-13T13:48:21","date_gmt":"2024-11-13T11:48:21","guid":{"rendered":"https:\/\/shop.tampere.fi\/vapriikki\/tuote\/kivijoulukalenteri\/"},"modified":"2026-03-24T15:32:01","modified_gmt":"2026-03-24T13:32:01","slug":"kivijoulukalenteri","status":"publish","type":"product","link":"https:\/\/shop.tampere.fi\/vapriikki\/tuote\/kivijoulukalenteri\/","title":{"rendered":"Kivijoulukalenteri"},"content":{"rendered":"<p>Ihana adventtikalenteri, joka sis\u00e4lt\u00e4\u00e4 24 erilaista kive\u00e4!<\/p>\n<p>Kivilajit ovat esitelty kalenterin selk\u00e4puolella:<\/p>\n<p>Ametisti, vihre\u00e4 aventuriini, mansikkakvartsi, karneoli, dalmatianjaspis, valkoinen howliitti, punainen jaspis, sodaliitti, hematiitti, ruusukvartsi, keltainen aventuriini, kirkas kvartsi, labradoriitti, tiikerinsilm\u00e4, sininen turkveniitti, unakiitti, sitruunakvartsi, rodoniitti, lohik\u00e4\u00e4rmeen verikivi, leopardijaspis, punainen kultakivi, savukvartsi ja amatsoniitti.<\/p>\n<p>Kivien koko, muoto ja v\u00e4ri vaihtelevat, mik\u00e4 tekee jokaisesta joulukalenterista ainutlaatuisen.\u00a0<\/p>\n<p>Valmistuttaja: Something Different<\/p>\n<p>Valmistettu Kiinassa<\/p>\n<p>Mitat: 2 x 16 x 26 cm<\/p>\n","protected":false},"excerpt":{"rendered":"<p>Ihana adventtikalenteri, joka sis\u00e4lt\u00e4\u00e4 24 erilaista kive\u00e4! Kivilajit ovat esitelty kalenterin selk\u00e4puolella: Ametisti, vihre\u00e4 aventuriini, mansikkakvartsi, karneoli, dalmatianjaspis, valkoinen howliitti, punainen jaspis, sodaliitti, hematiitti, ruusukvartsi, keltainen aventuriini, kirkas kvartsi, labradoriitti, tiikerinsilm\u00e4, sininen turkveniitti, unakiitti, sitruunakvartsi, rodoniitti, lohik\u00e4\u00e4rmeen verikivi, leopardijaspis, punainen kultakivi, savukvartsi ja amatsoniitti. Kivien koko, muoto ja v\u00e4ri vaihtelevat, mik\u00e4 tekee jokaisesta joulukalenterista ainutlaatuisen.\u00a0 [&hellip;]<\/p>\n","protected":false},"featured_media":1120,"template":"","meta":[],"product_brand":[],"product_cat":[89],"product_tag":[],"class_list":{"0":"post-1123","1":"product","2":"type-product","3":"status-publish","4":"has-post-thumbnail","6":"product_cat-tampereen-kivimuseo","8":"first","9":"outofstock","10":"taxable","11":"shipping-taxable","12":"purchasable","13":"product-type-simple"},"_links":{"self":[{"href":"https:\/\/shop.tampere.fi\/vapriikki\/wp-json\/wp\/v2\/product\/1123","targetHints":{"allow":["GET"]}}],"collection":[{"href":"https:\/\/shop.tampere.fi\/vapriikki\/wp-json\/wp\/v2\/product"}],"about":[{"href":"https:\/\/shop.tampere.fi\/vapriikki\/wp-json\/wp\/v2\/types\/product"}],"wp:featuredmedia":[{"embeddable":true,"href":"https:\/\/shop.tampere.fi\/vapriikki\/wp-json\/wp\/v2\/media\/1120"}],"wp:attachment":[{"href":"https:\/\/shop.tampere.fi\/vapriikki\/wp-json\/wp\/v2\/media?parent=1123"}],"wp:term":[{"taxonomy":"product_brand","embeddable":true,"href":"https:\/\/shop.tampere.fi\/vapriikki\/wp-json\/wp\/v2\/product_brand?post=1123"},{"taxonomy":"product_cat","embeddable":true,"href":"https:\/\/shop.tampere.fi\/vapriikki\/wp-json\/wp\/v2\/product_cat?post=1123"},{"taxonomy":"product_tag","embeddable":true,"href":"https:\/\/shop.tampere.fi\/vapriikki\/wp-json\/wp\/v2\/product_tag?post=1123"}],"curies":[{"name":"wp","href":"https:\/\/api.w.org\/{rel}","templated":true}]}}