{"id":289,"date":"2024-05-08T03:43:22","date_gmt":"2024-05-08T00:43:22","guid":{"rendered":"https:\/\/shop.tampere.fi\/tampereentaidemuseo\/tuote\/klassikot-kukkia-kannykkalaukku\/"},"modified":"2025-07-01T04:36:14","modified_gmt":"2025-07-01T01:36:14","slug":"klassikot-kukkia-kannykkalaukku","status":"publish","type":"product","link":"https:\/\/shop.tampere.fi\/tampereentaidemuseo\/tuote\/klassikot-kukkia-kannykkalaukku\/","title":{"rendered":"Klassikot: Kukkia k\u00e4nnykk\u00e4laukku"},"content":{"rendered":"<p>Mikko Carlstedt, 1936.<\/p>\n<p>Tampereen taidemuseo\u00a0<\/p>\n<p>Laukun leveys alhaalta noin 15 cm, korkeus noin19 cm.\u00a0<\/p>\n<p>P\u00e4\u00e4llikangas 100% puuvilla, kovikekangas 100% kierr\u00e4tetty polyesteri. Vuori 100% puuvilla. S\u00e4\u00e4dett\u00e4v\u00e4, irrotettava, musta, polypropeeni olkahihna n. 75-150 cm.<\/p>\n<p>K\u00e4sinpesu.\u00a0<\/p>\n<p>Valmistettu Suomessa\u00a0<\/p>\n","protected":false},"excerpt":{"rendered":"<p>Mikko Carlstedt, 1936. Tampereen taidemuseo\u00a0 Laukun leveys alhaalta noin 15 cm, korkeus noin19 cm.\u00a0 P\u00e4\u00e4llikangas 100% puuvilla, kovikekangas 100% kierr\u00e4tetty polyesteri. Vuori 100% puuvilla. S\u00e4\u00e4dett\u00e4v\u00e4, irrotettava, musta, polypropeeni olkahihna n. 75-150 cm. K\u00e4sinpesu.\u00a0 Valmistettu Suomessa\u00a0<\/p>\n","protected":false},"featured_media":286,"template":"","meta":[],"product_brand":[],"product_cat":[40],"product_tag":[],"class_list":{"0":"post-289","1":"product","2":"type-product","3":"status-publish","4":"has-post-thumbnail","6":"product_cat-tampereen-taidemuseon-klassikot","8":"first","9":"instock","10":"taxable","11":"shipping-taxable","12":"purchasable","13":"product-type-simple"},"_links":{"self":[{"href":"https:\/\/shop.tampere.fi\/tampereentaidemuseo\/wp-json\/wp\/v2\/product\/289","targetHints":{"allow":["GET"]}}],"collection":[{"href":"https:\/\/shop.tampere.fi\/tampereentaidemuseo\/wp-json\/wp\/v2\/product"}],"about":[{"href":"https:\/\/shop.tampere.fi\/tampereentaidemuseo\/wp-json\/wp\/v2\/types\/product"}],"wp:featuredmedia":[{"embeddable":true,"href":"https:\/\/shop.tampere.fi\/tampereentaidemuseo\/wp-json\/wp\/v2\/media\/286"}],"wp:attachment":[{"href":"https:\/\/shop.tampere.fi\/tampereentaidemuseo\/wp-json\/wp\/v2\/media?parent=289"}],"wp:term":[{"taxonomy":"product_brand","embeddable":true,"href":"https:\/\/shop.tampere.fi\/tampereentaidemuseo\/wp-json\/wp\/v2\/product_brand?post=289"},{"taxonomy":"product_cat","embeddable":true,"href":"https:\/\/shop.tampere.fi\/tampereentaidemuseo\/wp-json\/wp\/v2\/product_cat?post=289"},{"taxonomy":"product_tag","embeddable":true,"href":"https:\/\/shop.tampere.fi\/tampereentaidemuseo\/wp-json\/wp\/v2\/product_tag?post=289"}],"curies":[{"name":"wp","href":"https:\/\/api.w.org\/{rel}","templated":true}]}}