{"id":235,"date":"2024-05-08T03:42:50","date_gmt":"2024-05-08T00:42:50","guid":{"rendered":"https:\/\/shop.tampere.fi\/tampereentaidemuseo\/tuote\/tyynynpaallinen-kissa-ja-helmikorvakoru\/"},"modified":"2025-11-25T12:06:51","modified_gmt":"2025-11-25T10:06:51","slug":"tyynynpaallinen-kissa-ja-helmikorvakoru","status":"publish","type":"product","link":"https:\/\/shop.tampere.fi\/tampereentaidemuseo\/tuote\/tyynynpaallinen-kissa-ja-helmikorvakoru\/","title":{"rendered":"Tyynynp\u00e4\u00e4llinen: Kissa ja helmikorvakoru"},"content":{"rendered":"<p>Tyynynp\u00e4\u00e4llinen 45x45cm.<\/p>\n<p>Kissa ja helmikorvakoru<\/p>\n<p>Vetoketju, kudonnassa yhdistetty eri kuituja\u00a0 perinteikk\u00e4\u00e4ll\u00e4 jacquard- tekniikalla, taustakangas 100% polyesteri.\u00a0<\/p>\n<p>Hieno villapesu, kuivaus tasaisella, ei linkousta.\u00a0<\/p>\n<p>Valmistettu Belgiassa<\/p>\n","protected":false},"excerpt":{"rendered":"<p>Tyynynp\u00e4\u00e4llinen 45x45cm. Kissa ja helmikorvakoru Vetoketju, kudonnassa yhdistetty eri kuituja\u00a0 perinteikk\u00e4\u00e4ll\u00e4 jacquard- tekniikalla, taustakangas 100% polyesteri.\u00a0 Hieno villapesu, kuivaus tasaisella, ei linkousta.\u00a0 Valmistettu Belgiassa<\/p>\n","protected":false},"featured_media":232,"template":"","meta":[],"product_brand":[],"product_cat":[32],"product_tag":[],"class_list":{"0":"post-235","1":"product","2":"type-product","3":"status-publish","4":"has-post-thumbnail","6":"product_cat-museokauppa","8":"first","9":"instock","10":"taxable","11":"shipping-taxable","12":"purchasable","13":"product-type-simple"},"_links":{"self":[{"href":"https:\/\/shop.tampere.fi\/tampereentaidemuseo\/wp-json\/wp\/v2\/product\/235","targetHints":{"allow":["GET"]}}],"collection":[{"href":"https:\/\/shop.tampere.fi\/tampereentaidemuseo\/wp-json\/wp\/v2\/product"}],"about":[{"href":"https:\/\/shop.tampere.fi\/tampereentaidemuseo\/wp-json\/wp\/v2\/types\/product"}],"wp:featuredmedia":[{"embeddable":true,"href":"https:\/\/shop.tampere.fi\/tampereentaidemuseo\/wp-json\/wp\/v2\/media\/232"}],"wp:attachment":[{"href":"https:\/\/shop.tampere.fi\/tampereentaidemuseo\/wp-json\/wp\/v2\/media?parent=235"}],"wp:term":[{"taxonomy":"product_brand","embeddable":true,"href":"https:\/\/shop.tampere.fi\/tampereentaidemuseo\/wp-json\/wp\/v2\/product_brand?post=235"},{"taxonomy":"product_cat","embeddable":true,"href":"https:\/\/shop.tampere.fi\/tampereentaidemuseo\/wp-json\/wp\/v2\/product_cat?post=235"},{"taxonomy":"product_tag","embeddable":true,"href":"https:\/\/shop.tampere.fi\/tampereentaidemuseo\/wp-json\/wp\/v2\/product_tag?post=235"}],"curies":[{"name":"wp","href":"https:\/\/api.w.org\/{rel}","templated":true}]}}