{"id":229,"date":"2024-05-08T03:42:46","date_gmt":"2024-05-08T00:42:46","guid":{"rendered":"https:\/\/shop.tampere.fi\/tampereentaidemuseo\/tuote\/tyynynpaallinen-tytto-ja-helmikorvakoru\/"},"modified":"2025-12-27T13:08:41","modified_gmt":"2025-12-27T11:08:41","slug":"tyynynpaallinen-tytto-ja-helmikorvakoru","status":"publish","type":"product","link":"https:\/\/shop.tampere.fi\/tampereentaidemuseo\/tuote\/tyynynpaallinen-tytto-ja-helmikorvakoru\/","title":{"rendered":"Tyynynp\u00e4\u00e4llinen: Tytt\u00f6 ja helmikorvakoru"},"content":{"rendered":"<p>\u00a0<\/p>\n<p>Tyynynp\u00e4\u00e4llinen 45x45cm.<\/p>\n<p>Tytt\u00f6 ja helmikorvakoru, Johannes Vermeer, c. 1665.<\/p>\n<p>Vetoketju, kudonnassa yhdistetty eri kuituja\u00a0 perinteikk\u00e4\u00e4ll\u00e4 jacquard- tekniikalla, taustakangas 100% polyesteri.\u00a0<\/p>\n<p>Hieno villapesu, kuivaus tasaisella, ei linkousta.\u00a0<\/p>\n<p>Valmistettu Belgiassa<\/p>\n<p>\u00a0<\/p>\n","protected":false},"excerpt":{"rendered":"<p>\u00a0 Tyynynp\u00e4\u00e4llinen 45x45cm. Tytt\u00f6 ja helmikorvakoru, Johannes Vermeer, c. 1665. Vetoketju, kudonnassa yhdistetty eri kuituja\u00a0 perinteikk\u00e4\u00e4ll\u00e4 jacquard- tekniikalla, taustakangas 100% polyesteri.\u00a0 Hieno villapesu, kuivaus tasaisella, ei linkousta.\u00a0 Valmistettu Belgiassa \u00a0<\/p>\n","protected":false},"featured_media":226,"template":"","meta":[],"product_brand":[],"product_cat":[32],"product_tag":[],"class_list":{"0":"post-229","1":"product","2":"type-product","3":"status-publish","4":"has-post-thumbnail","6":"product_cat-museokauppa","8":"first","9":"instock","10":"taxable","11":"shipping-taxable","12":"purchasable","13":"product-type-simple"},"_links":{"self":[{"href":"https:\/\/shop.tampere.fi\/tampereentaidemuseo\/wp-json\/wp\/v2\/product\/229","targetHints":{"allow":["GET"]}}],"collection":[{"href":"https:\/\/shop.tampere.fi\/tampereentaidemuseo\/wp-json\/wp\/v2\/product"}],"about":[{"href":"https:\/\/shop.tampere.fi\/tampereentaidemuseo\/wp-json\/wp\/v2\/types\/product"}],"wp:featuredmedia":[{"embeddable":true,"href":"https:\/\/shop.tampere.fi\/tampereentaidemuseo\/wp-json\/wp\/v2\/media\/226"}],"wp:attachment":[{"href":"https:\/\/shop.tampere.fi\/tampereentaidemuseo\/wp-json\/wp\/v2\/media?parent=229"}],"wp:term":[{"taxonomy":"product_brand","embeddable":true,"href":"https:\/\/shop.tampere.fi\/tampereentaidemuseo\/wp-json\/wp\/v2\/product_brand?post=229"},{"taxonomy":"product_cat","embeddable":true,"href":"https:\/\/shop.tampere.fi\/tampereentaidemuseo\/wp-json\/wp\/v2\/product_cat?post=229"},{"taxonomy":"product_tag","embeddable":true,"href":"https:\/\/shop.tampere.fi\/tampereentaidemuseo\/wp-json\/wp\/v2\/product_tag?post=229"}],"curies":[{"name":"wp","href":"https:\/\/api.w.org\/{rel}","templated":true}]}}