{"id":175,"date":"2024-05-08T03:42:13","date_gmt":"2024-05-08T00:42:13","guid":{"rendered":"https:\/\/shop.tampere.fi\/tampereentaidemuseo\/tuote\/tuula-lehtinen-with-pleasure\/"},"modified":"2026-01-01T05:13:25","modified_gmt":"2026-01-01T03:13:25","slug":"tuula-lehtinen-with-pleasure","status":"publish","type":"product","link":"https:\/\/shop.tampere.fi\/tampereentaidemuseo\/tuote\/tuula-lehtinen-with-pleasure\/","title":{"rendered":"Tuula Lehtinen: With Pleasure"},"content":{"rendered":"<p>Uudenlainen, naistenlehte\u00e4 muistuttava raikas ja v\u00e4rik\u00e4s n\u00e4yttelyjulkaisu kertoo tamperelaisen kuvataiteilijan Tuula Lehtisen urasta, taiteesta ja el\u00e4m\u00e4st\u00e4.\u00a0<\/p>\n<p>\u00a0<\/p>\n<p>Tuula Lehtinen tunnetaan taidegrafiikastaan, maalauksistaan, posliiniveistoksistaan ja julkisista mosaiikkit\u00f6ist\u00e4\u00e4n. H\u00e4n on my\u00f6s merkitt\u00e4v\u00e4 kuvataidealan vaikuttaja ja uudistaja. Lehtisen teoksissa, samoin kuin julkaisussa, kukat hehkuvat, palmut huojuvat, silkki kahisee ja posliinikeng\u00e4t kiilt\u00e4v\u00e4t. H\u00e4nen taiteensa on aistikasta kauneuden ja feminiinisyyden juhlaa, ja h\u00e4n uskaltaa nostaa kauneuden keski\u00f6\u00f6n. Julkaisussa on mukana h\u00e4nen varhaista Egypti-, avaruus- ja puutarha-aiheista grafiikkaansa, julkisia mosaiikkit\u00f6it\u00e4 sek\u00e4 tuoreimpia maalauksia. Lehdess\u00e4 on mukana resepti leivokseen, jonka ravintola N\u00e4sinneulan keitti\u00f6mestari Anssi Lahdensivu on omistanut Tuula Lehtisen taiteelle.\u00a0<\/p>\n<p>\u00a0<\/p>\n<p>Lehti on kaksikielinen (suomi ja englanti).\u00a0<\/p>\n<p>Pehme\u00e4kantinen.<\/p>\n<p>74 sivua<\/p>\n<p>Toimittajat: Marjut Villanueva, Tuula Lehtinen, Viliina Julkunen, Tapani Pennanen, Sini V\u00e4is\u00e4nen.<\/p>\n<p>Tekstit: Anne Backman, Selma Green, Anna Kortelainen, Veikko Halmetoja, Anssi Lahdensivu, Virpi Nikkari, Sarianne Soikkonen<\/p>\n<p>Layout: Mako Niemel\u00e4<\/p>\n<p>Kustantaja: Tampereen taidemuseo<\/p>\n<p>Tampereen taidemuseon julkaisuja 192<\/p>\n<p>Kirjapaino: Punamusta, 2024<\/p>\n","protected":false},"excerpt":{"rendered":"<p>Uudenlainen, naistenlehte\u00e4 muistuttava raikas ja v\u00e4rik\u00e4s n\u00e4yttelyjulkaisu kertoo tamperelaisen kuvataiteilijan Tuula Lehtisen urasta, taiteesta ja el\u00e4m\u00e4st\u00e4.\u00a0 \u00a0 Tuula Lehtinen tunnetaan taidegrafiikastaan, maalauksistaan, posliiniveistoksistaan ja julkisista mosaiikkit\u00f6ist\u00e4\u00e4n. H\u00e4n on my\u00f6s merkitt\u00e4v\u00e4 kuvataidealan vaikuttaja ja uudistaja. Lehtisen teoksissa, samoin kuin julkaisussa, kukat hehkuvat, palmut huojuvat, silkki kahisee ja posliinikeng\u00e4t kiilt\u00e4v\u00e4t. H\u00e4nen taiteensa on aistikasta kauneuden ja feminiinisyyden [&hellip;]<\/p>\n","protected":false},"featured_media":552,"template":"","meta":[],"product_brand":[],"product_cat":[37],"product_tag":[],"class_list":{"0":"post-175","1":"product","2":"type-product","3":"status-publish","4":"has-post-thumbnail","6":"product_cat-kirjat","8":"first","9":"instock","10":"taxable","11":"shipping-taxable","12":"purchasable","13":"product-type-simple"},"_links":{"self":[{"href":"https:\/\/shop.tampere.fi\/tampereentaidemuseo\/wp-json\/wp\/v2\/product\/175","targetHints":{"allow":["GET"]}}],"collection":[{"href":"https:\/\/shop.tampere.fi\/tampereentaidemuseo\/wp-json\/wp\/v2\/product"}],"about":[{"href":"https:\/\/shop.tampere.fi\/tampereentaidemuseo\/wp-json\/wp\/v2\/types\/product"}],"wp:featuredmedia":[{"embeddable":true,"href":"https:\/\/shop.tampere.fi\/tampereentaidemuseo\/wp-json\/wp\/v2\/media\/552"}],"wp:attachment":[{"href":"https:\/\/shop.tampere.fi\/tampereentaidemuseo\/wp-json\/wp\/v2\/media?parent=175"}],"wp:term":[{"taxonomy":"product_brand","embeddable":true,"href":"https:\/\/shop.tampere.fi\/tampereentaidemuseo\/wp-json\/wp\/v2\/product_brand?post=175"},{"taxonomy":"product_cat","embeddable":true,"href":"https:\/\/shop.tampere.fi\/tampereentaidemuseo\/wp-json\/wp\/v2\/product_cat?post=175"},{"taxonomy":"product_tag","embeddable":true,"href":"https:\/\/shop.tampere.fi\/tampereentaidemuseo\/wp-json\/wp\/v2\/product_tag?post=175"}],"curies":[{"name":"wp","href":"https:\/\/api.w.org\/{rel}","templated":true}]}}