{"id":121,"date":"2024-05-08T03:41:32","date_gmt":"2024-05-08T00:41:32","guid":{"rendered":"https:\/\/shop.tampere.fi\/tampereentaidemuseo\/tuote\/taideratikka-151-matkustajaa-korttisetti\/"},"modified":"2025-11-25T14:15:57","modified_gmt":"2025-11-25T12:15:57","slug":"taideratikka-151-matkustajaa-korttisetti","status":"publish","type":"product","link":"https:\/\/shop.tampere.fi\/tampereentaidemuseo\/tuote\/taideratikka-151-matkustajaa-korttisetti\/","title":{"rendered":"Taideratikka: 151 matkustajaa -korttisetti"},"content":{"rendered":"<p>Milla Vuorela, 2022.<\/p>\n<p>Korttisetti sis\u00e4lt\u00e4\u00e4 yhden panoraamakortin, 2 kpl A6-kokoisia mustapohjaisia kortteja sek\u00e4 2 kpl A6-kokoisia punaisia kortteja.<\/p>\n","protected":false},"excerpt":{"rendered":"<p>Milla Vuorela, 2022. Korttisetti sis\u00e4lt\u00e4\u00e4 yhden panoraamakortin, 2 kpl A6-kokoisia mustapohjaisia kortteja sek\u00e4 2 kpl A6-kokoisia punaisia kortteja.<\/p>\n","protected":false},"featured_media":118,"template":"","meta":[],"product_brand":[],"product_cat":[32],"product_tag":[],"class_list":{"0":"post-121","1":"product","2":"type-product","3":"status-publish","4":"has-post-thumbnail","6":"product_cat-museokauppa","8":"first","9":"instock","10":"taxable","11":"shipping-taxable","12":"purchasable","13":"product-type-simple"},"_links":{"self":[{"href":"https:\/\/shop.tampere.fi\/tampereentaidemuseo\/wp-json\/wp\/v2\/product\/121","targetHints":{"allow":["GET"]}}],"collection":[{"href":"https:\/\/shop.tampere.fi\/tampereentaidemuseo\/wp-json\/wp\/v2\/product"}],"about":[{"href":"https:\/\/shop.tampere.fi\/tampereentaidemuseo\/wp-json\/wp\/v2\/types\/product"}],"wp:featuredmedia":[{"embeddable":true,"href":"https:\/\/shop.tampere.fi\/tampereentaidemuseo\/wp-json\/wp\/v2\/media\/118"}],"wp:attachment":[{"href":"https:\/\/shop.tampere.fi\/tampereentaidemuseo\/wp-json\/wp\/v2\/media?parent=121"}],"wp:term":[{"taxonomy":"product_brand","embeddable":true,"href":"https:\/\/shop.tampere.fi\/tampereentaidemuseo\/wp-json\/wp\/v2\/product_brand?post=121"},{"taxonomy":"product_cat","embeddable":true,"href":"https:\/\/shop.tampere.fi\/tampereentaidemuseo\/wp-json\/wp\/v2\/product_cat?post=121"},{"taxonomy":"product_tag","embeddable":true,"href":"https:\/\/shop.tampere.fi\/tampereentaidemuseo\/wp-json\/wp\/v2\/product_tag?post=121"}],"curies":[{"name":"wp","href":"https:\/\/api.w.org\/{rel}","templated":true}]}}