{"id":173,"date":"2024-05-07T03:41:33","date_gmt":"2024-05-07T00:41:33","guid":{"rendered":"https:\/\/shop.tampere.fi\/muumimuseo\/tuote\/10kpl-postikorttisetti-varikuvat\/"},"modified":"2026-04-11T10:24:47","modified_gmt":"2026-04-11T07:24:47","slug":"10kpl-postikorttisetti-varikuvat","status":"publish","type":"product","link":"https:\/\/shop.tampere.fi\/muumimuseo\/tuote\/10kpl-postikorttisetti-varikuvat\/","title":{"rendered":"10KPL POSTIKORTTISETTI, V\u00c4RIKUVAT"},"content":{"rendered":"<p>10kpl A6-kokoisia postikortteja, joissa Tove Janssonin v\u00e4rillisi\u00e4 kansikuvituksia varhaisempiin muumikirjoihin.<\/p>\n<p>Painettu Suomessa.<\/p>\n","protected":false},"excerpt":{"rendered":"<p>10kpl A6-kokoisia postikortteja, joissa Tove Janssonin v\u00e4rillisi\u00e4 kansikuvituksia varhaisempiin muumikirjoihin. Painettu Suomessa.<\/p>\n","protected":false},"featured_media":170,"template":"","meta":[],"product_brand":[],"product_cat":[32],"product_tag":[],"class_list":{"0":"post-173","1":"product","2":"type-product","3":"status-publish","4":"has-post-thumbnail","6":"product_cat-museokauppa","8":"first","9":"instock","10":"taxable","11":"shipping-taxable","12":"purchasable","13":"product-type-simple"},"_links":{"self":[{"href":"https:\/\/shop.tampere.fi\/muumimuseo\/wp-json\/wp\/v2\/product\/173","targetHints":{"allow":["GET"]}}],"collection":[{"href":"https:\/\/shop.tampere.fi\/muumimuseo\/wp-json\/wp\/v2\/product"}],"about":[{"href":"https:\/\/shop.tampere.fi\/muumimuseo\/wp-json\/wp\/v2\/types\/product"}],"wp:featuredmedia":[{"embeddable":true,"href":"https:\/\/shop.tampere.fi\/muumimuseo\/wp-json\/wp\/v2\/media\/170"}],"wp:attachment":[{"href":"https:\/\/shop.tampere.fi\/muumimuseo\/wp-json\/wp\/v2\/media?parent=173"}],"wp:term":[{"taxonomy":"product_brand","embeddable":true,"href":"https:\/\/shop.tampere.fi\/muumimuseo\/wp-json\/wp\/v2\/product_brand?post=173"},{"taxonomy":"product_cat","embeddable":true,"href":"https:\/\/shop.tampere.fi\/muumimuseo\/wp-json\/wp\/v2\/product_cat?post=173"},{"taxonomy":"product_tag","embeddable":true,"href":"https:\/\/shop.tampere.fi\/muumimuseo\/wp-json\/wp\/v2\/product_tag?post=173"}],"curies":[{"name":"wp","href":"https:\/\/api.w.org\/{rel}","templated":true}]}}