{"id":269,"date":"2024-06-07T12:36:17","date_gmt":"2024-06-07T09:36:17","guid":{"rendered":"https:\/\/shop.tampere.fi\/museomilavida\/tuote\/lahjalippu-lapsi\/"},"modified":"2026-01-27T10:39:44","modified_gmt":"2026-01-27T08:39:44","slug":"lahjalippu-lapsi","status":"publish","type":"product","link":"https:\/\/shop.tampere.fi\/museomilavida\/tuote\/lahjalippu-lapsi\/","title":{"rendered":"Lahjalippu: Lapsi"},"content":{"rendered":"<p>Museo Milavidan lahjalippu kattaa kaikki Museo Milavidan n\u00e4yttelyt 7-17 -vuotiaalle lapselle. Alle 7-vuotiaat lapset ovat tervetulleita tutustumaan Museo Milavidaan veloituksetta.<\/p>\n<p>Lahjalippu toimitetaan valitsemaasi s\u00e4hk\u00f6postiosoitteeseen.<\/p>\n<p>Varmistathan museon aukioloajat ja n\u00e4yttelytarjonnan hyviss\u00e4 ajoin ennen suunniteltua saapumistasi osoitteesta www.museomilavida.fi<\/p>\n<p>Lahjalippu on voimassa 1 vuoden ostop\u00e4iv\u00e4st\u00e4.<\/p>\n<p>P\u00e4\u00e4sylippuja ei vaihdeta eik\u00e4 lunasteta takaisin.<\/p>\n","protected":false},"excerpt":{"rendered":"<p>Museo Milavidan lahjalippu kattaa kaikki Museo Milavidan n\u00e4yttelyt 7-17 -vuotiaalle lapselle. Alle 7-vuotiaat lapset ovat tervetulleita tutustumaan Museo Milavidaan veloituksetta. Lahjalippu toimitetaan valitsemaasi s\u00e4hk\u00f6postiosoitteeseen. Varmistathan museon aukioloajat ja n\u00e4yttelytarjonnan hyviss\u00e4 ajoin ennen suunniteltua saapumistasi osoitteesta www.museomilavida.fi Lahjalippu on voimassa 1 vuoden ostop\u00e4iv\u00e4st\u00e4. P\u00e4\u00e4sylippuja ei vaihdeta eik\u00e4 lunasteta takaisin.<\/p>\n","protected":false},"featured_media":266,"template":"","meta":[],"product_brand":[],"product_cat":[55],"product_tag":[],"class_list":{"0":"post-269","1":"product","2":"type-product","3":"status-publish","4":"has-post-thumbnail","6":"product_cat-lahjaliput","8":"first","9":"instock","10":"virtual","11":"taxable","12":"purchasable","13":"product-type-simple"},"_links":{"self":[{"href":"https:\/\/shop.tampere.fi\/museomilavida\/wp-json\/wp\/v2\/product\/269","targetHints":{"allow":["GET"]}}],"collection":[{"href":"https:\/\/shop.tampere.fi\/museomilavida\/wp-json\/wp\/v2\/product"}],"about":[{"href":"https:\/\/shop.tampere.fi\/museomilavida\/wp-json\/wp\/v2\/types\/product"}],"wp:featuredmedia":[{"embeddable":true,"href":"https:\/\/shop.tampere.fi\/museomilavida\/wp-json\/wp\/v2\/media\/266"}],"wp:attachment":[{"href":"https:\/\/shop.tampere.fi\/museomilavida\/wp-json\/wp\/v2\/media?parent=269"}],"wp:term":[{"taxonomy":"product_brand","embeddable":true,"href":"https:\/\/shop.tampere.fi\/museomilavida\/wp-json\/wp\/v2\/product_brand?post=269"},{"taxonomy":"product_cat","embeddable":true,"href":"https:\/\/shop.tampere.fi\/museomilavida\/wp-json\/wp\/v2\/product_cat?post=269"},{"taxonomy":"product_tag","embeddable":true,"href":"https:\/\/shop.tampere.fi\/museomilavida\/wp-json\/wp\/v2\/product_tag?post=269"}],"curies":[{"name":"wp","href":"https:\/\/api.w.org\/{rel}","templated":true}]}}