{"id":1486,"date":"2024-09-13T09:25:29","date_gmt":"2024-09-13T06:25:29","guid":{"rendered":"https:\/\/shop.tampere.fi\/museomilavida\/tuote\/paluu-milavidaan-kynttilakierros-hamarassa-palatsissa\/"},"modified":"2026-01-27T10:39:14","modified_gmt":"2026-01-27T08:39:14","slug":"paluu-milavidaan-kynttilakierros-hamarassa-palatsissa","status":"publish","type":"product","link":"https:\/\/shop.tampere.fi\/museomilavida\/tuote\/paluu-milavidaan-kynttilakierros-hamarassa-palatsissa\/","title":{"rendered":"Paluu Milavidaan \u2013 Kynttil\u00e4kierros h\u00e4m\u00e4r\u00e4ss\u00e4 palatsissa"},"content":{"rendered":"<p>Museo Milavida on sulkenut ovensa p\u00e4iv\u00e4n p\u00e4\u00e4tteeksi. H\u00e4m\u00e4r\u00e4ss\u00e4 palatsissa saattaa viel\u00e4 kuitenkin kohdata Nottbeckien pitk\u00e4aikaisen lastenhoitajan, joka on palannut Milavidaan kertomaan el\u00e4m\u00e4st\u00e4\u00e4n Tampereella vaikuttaneen mahtisuvun palveluksessa. Kuinka palatsi on aikojen saatossa muuttunut Milavidasta N\u00e4silinnaksi ja takaisin? Mit\u00e4 tapahtui Nottbeckeille, jotka poistuivat Tampereelta vuonna 1917?<\/p>\n<p>Kierrokset tiistaina 14.10., 21.10., 28.10., 4.11. ja 11.11. klo 18 ja 19. Kierroksen kesto noin 45-60 minuuttia. Kierroksen p\u00e4\u00e4tteeksi tarjoilua Kahvila Milavidassa, joka sis\u00e4ltyy lipun hintaan: leivos ja kahvi\/tee, kynttil\u00f6ill\u00e4 valaistussa punaisessa salissa. (Gluteeniton ja laktoositon). Ilmoitathan erikoisruokavaliot osoitteeseen\u00a0<a href=\"mailto:info@kahvilamilavida.fi\">info@kahvilamilavida.fi<\/a>.<\/p>\n<p><strong>Huomaathan, ett\u00e4 kierrosta ei ole tarkoitettu\u00a0ryhmille. Tutustu tilattaviin opastuksiin <a href=\"https:\/\/www.museomilavida.fi\/opastukset\/tilattavat-opastukset\/\">nettisivuillamme<\/a>.<\/strong><\/p>\n","protected":false},"excerpt":{"rendered":"<p>Museo Milavida on sulkenut ovensa p\u00e4iv\u00e4n p\u00e4\u00e4tteeksi. H\u00e4m\u00e4r\u00e4ss\u00e4 palatsissa saattaa viel\u00e4 kuitenkin kohdata Nottbeckien pitk\u00e4aikaisen lastenhoitajan, joka on palannut Milavidaan kertomaan el\u00e4m\u00e4st\u00e4\u00e4n Tampereella vaikuttaneen mahtisuvun palveluksessa. Kuinka palatsi on aikojen saatossa muuttunut Milavidasta N\u00e4silinnaksi ja takaisin? Mit\u00e4 tapahtui Nottbeckeille, jotka poistuivat Tampereelta vuonna 1917? Kierrokset tiistaina 14.10., 21.10., 28.10., 4.11. ja 11.11. klo 18 ja [&hellip;]<\/p>\n","protected":false},"featured_media":495,"template":"","meta":[],"product_brand":[],"product_cat":[52],"product_tag":[],"class_list":{"0":"post-1486","1":"product","2":"type-product","3":"status-publish","4":"has-post-thumbnail","6":"product_cat-tapahtumaliput","8":"first","9":"instock","10":"featured","11":"taxable","12":"shipping-taxable","13":"product-type-variable"},"_links":{"self":[{"href":"https:\/\/shop.tampere.fi\/museomilavida\/wp-json\/wp\/v2\/product\/1486","targetHints":{"allow":["GET"]}}],"collection":[{"href":"https:\/\/shop.tampere.fi\/museomilavida\/wp-json\/wp\/v2\/product"}],"about":[{"href":"https:\/\/shop.tampere.fi\/museomilavida\/wp-json\/wp\/v2\/types\/product"}],"wp:featuredmedia":[{"embeddable":true,"href":"https:\/\/shop.tampere.fi\/museomilavida\/wp-json\/wp\/v2\/media\/495"}],"wp:attachment":[{"href":"https:\/\/shop.tampere.fi\/museomilavida\/wp-json\/wp\/v2\/media?parent=1486"}],"wp:term":[{"taxonomy":"product_brand","embeddable":true,"href":"https:\/\/shop.tampere.fi\/museomilavida\/wp-json\/wp\/v2\/product_brand?post=1486"},{"taxonomy":"product_cat","embeddable":true,"href":"https:\/\/shop.tampere.fi\/museomilavida\/wp-json\/wp\/v2\/product_cat?post=1486"},{"taxonomy":"product_tag","embeddable":true,"href":"https:\/\/shop.tampere.fi\/museomilavida\/wp-json\/wp\/v2\/product_tag?post=1486"}],"curies":[{"name":"wp","href":"https:\/\/api.w.org\/{rel}","templated":true}]}}