{"id":2872,"date":"2025-07-29T15:55:41","date_gmt":"2025-07-29T12:55:41","guid":{"rendered":"https:\/\/shop.tampere.fi\/kirjasarjat\/?page_id=2872"},"modified":"2026-04-17T09:28:34","modified_gmt":"2026-04-17T06:28:34","slug":"ohjeet","status":"publish","type":"page","link":"https:\/\/shop.tampere.fi\/kirjasarjat\/ohjeet\/","title":{"rendered":"Ohjeet"},"content":{"rendered":"\n<p>Tervetuloa varaamaan kirjasarjoja koulullesi! Kirjasarjoja voi tilata vain t\u00e4m\u00e4n sivuston kautta.<\/p>\n\n\n\n<p>Ohjesivu sis\u00e4lt\u00e4\u00e4 sek\u00e4 yksityiskohtaiset kuvalliset ohjeet ett\u00e4 <a href=\"https:\/\/shop.tampere.fi\/kirjasarjat\/ohjeet#pikaohje\" data-type=\"page\" data-id=\"2872\">pikaohjeen (sivun lopussa)<\/a> varauspalvelun k\u00e4ytt\u00f6\u00f6n.<\/p>\n\n\n\n<h2 class=\"wp-block-heading\">Yksityiskohtainen kuvallinen ohje<\/h2>\n\n\n\n<h3 class=\"wp-block-heading\">Kirjojen hakeminen verkkokaupasta<\/h3>\n\n\n\n<ul class=\"wp-block-list\">\n<li>Voit hakea yksitt\u00e4isi\u00e4 kirjoja joko oikean yl\u00e4kulman hakutoiminnolla tai klikkaamalla sivun yl\u00e4osan valikossa olevaa \u201dKaikki kirjat\u201d -valintaa. Kaikki kirjat -sivulla kaikki kirjat ovat aakkosj\u00e4rjestyksess\u00e4.<\/li>\n<\/ul>\n\n\n<div class=\"wp-block-image\">\n<figure class=\"aligncenter size-full\"><img loading=\"lazy\" decoding=\"async\" width=\"645\" height=\"250\" src=\"https:\/\/shop.tampere.fi\/kirjasarjat\/wp-content\/uploads\/sites\/7\/2025\/10\/Kuva-1-Valikko-ja-haku-1.png\" alt=\"\" class=\"wp-image-3846\" srcset=\"https:\/\/shop.tampere.fi\/kirjasarjat\/wp-content\/uploads\/sites\/7\/2025\/10\/Kuva-1-Valikko-ja-haku-1.png 645w, https:\/\/shop.tampere.fi\/kirjasarjat\/wp-content\/uploads\/sites\/7\/2025\/10\/Kuva-1-Valikko-ja-haku-1-300x116.png 300w, https:\/\/shop.tampere.fi\/kirjasarjat\/wp-content\/uploads\/sites\/7\/2025\/10\/Kuva-1-Valikko-ja-haku-1-416x161.png 416w\" sizes=\"auto, (max-width: 645px) 100vw, 645px\" \/><\/figure>\n<\/div>\n\n\n<ul class=\"wp-block-list\">\n<li style=\"margin-bottom:var(--wp--preset--spacing--20)\">Sivulla voit selata kaikkia kirjoja tai suodattaa kouluasteen ja genren mukaan sinisell\u00e4 pohjalla olevasta valikosta .<\/li>\n\n\n\n<li style=\"margin-bottom:var(--wp--preset--spacing--20)\">Valikko rullautuu hiiren rullalla, l\u00e4pp\u00e4rill\u00e4 kahdella sormella vieritt\u00e4m\u00e4ll\u00e4 tai mobiililaitteella sormella raahaten. Huomaathan, ett\u00e4 tuloksia voi olla useita sivuja.<\/li>\n<\/ul>\n\n\n\n<h3 class=\"wp-block-heading\">Vapaavalintaisen sarjan tilaaminen<\/h3>\n\n\n\n<ul class=\"wp-block-list\">\n<li style=\"margin-bottom:var(--wp--preset--spacing--20)\">Jos tahdot kirjaston valitsevan sinulle vapaavalintaisen sarjan, t\u00e4yt\u00e4 tilauksen tiedot valitsemalla \u201dKirjasto valitsee kirjat\u201d -tuote.<\/li>\n\n\n\n<li style=\"margin-bottom:var(--wp--preset--spacing--20)\">Kirjasto valitsee -tuote l\u00f6ytyy Kaikki kirjat -sivulta tuloslistan ensimm\u00e4isen\u00e4. <\/li>\n<\/ul>\n\n\n<div class=\"wp-block-image\">\n<figure class=\"aligncenter size-full\"><img loading=\"lazy\" decoding=\"async\" width=\"620\" height=\"559\" src=\"https:\/\/shop.tampere.fi\/kirjasarjat\/wp-content\/uploads\/sites\/7\/2025\/10\/Kuva-2-Kaikki-kirjat-sivu-1.png\" alt=\"\" class=\"wp-image-3849\" srcset=\"https:\/\/shop.tampere.fi\/kirjasarjat\/wp-content\/uploads\/sites\/7\/2025\/10\/Kuva-2-Kaikki-kirjat-sivu-1.png 620w, https:\/\/shop.tampere.fi\/kirjasarjat\/wp-content\/uploads\/sites\/7\/2025\/10\/Kuva-2-Kaikki-kirjat-sivu-1-300x270.png 300w, https:\/\/shop.tampere.fi\/kirjasarjat\/wp-content\/uploads\/sites\/7\/2025\/10\/Kuva-2-Kaikki-kirjat-sivu-1-416x375.png 416w\" sizes=\"auto, (max-width: 620px) 100vw, 620px\" \/><\/figure>\n<\/div>\n\n\n<ul class=\"wp-block-list\">\n<li style=\"margin-bottom:var(--wp--preset--spacing--20)\">Klikkaamalla kuvaketta tai Varaa nyt -painiketta, p\u00e4\u00e4set tilaussivulle.<\/li>\n\n\n\n<li style=\"margin-bottom:var(--wp--preset--spacing--20)\">Tilaussivulla valitse haluamasi kuukausi\/jakso tilaukselle kalenterista ja kirjapakettien m\u00e4\u00e4r\u00e4.<\/li>\n\n\n\n<li style=\"margin-bottom:var(--wp--preset--spacing--20)\">Valitse kalenterin\u00e4kym\u00e4st\u00e4 haluamasi jakso.<\/li>\n<\/ul>\n\n\n<div class=\"wp-block-image\">\n<figure class=\"aligncenter size-full\"><img loading=\"lazy\" decoding=\"async\" width=\"603\" height=\"468\" src=\"https:\/\/shop.tampere.fi\/kirjasarjat\/wp-content\/uploads\/sites\/7\/2025\/10\/Kuva-3-Tuotenakyma-Kirjasto-valitsee-1.png\" alt=\"\" class=\"wp-image-3855\" srcset=\"https:\/\/shop.tampere.fi\/kirjasarjat\/wp-content\/uploads\/sites\/7\/2025\/10\/Kuva-3-Tuotenakyma-Kirjasto-valitsee-1.png 603w, https:\/\/shop.tampere.fi\/kirjasarjat\/wp-content\/uploads\/sites\/7\/2025\/10\/Kuva-3-Tuotenakyma-Kirjasto-valitsee-1-300x233.png 300w, https:\/\/shop.tampere.fi\/kirjasarjat\/wp-content\/uploads\/sites\/7\/2025\/10\/Kuva-3-Tuotenakyma-Kirjasto-valitsee-1-416x323.png 416w\" sizes=\"auto, (max-width: 603px) 100vw, 603px\" \/><\/figure>\n<\/div>\n\n\n<ul class=\"wp-block-list\">\n<li style=\"margin-bottom:var(--wp--preset--spacing--20)\">Anna luokka-aste ja mahdolliset genretoiveet Lis\u00e4merkinn\u00e4t-kohtaan.<\/li>\n\n\n\n<li style=\"margin-bottom:var(--wp--preset--spacing--20)\">Jos tahdot vapaavalintaisen sarjan useammalle jaksolle, t\u00e4yt\u00e4 varaus jokaiselle jaksolle erikseen. Voit my\u00f6s ilmaista Lis\u00e4merkinn\u00e4t-kohdassa haluatko saman vai eri sarjan seuraaville jaksoille.<\/li>\n\n\n\n<li>MUISTA kertoa my\u00f6s, haluatko kaikki kirjat samaa sarjaa koko luokalle vai pienempi\u00e4 eri\u00e4 useita eri sarjoja (ns. lukupiirikirjat)!<\/li>\n\n\n\n<li style=\"margin-bottom:var(--wp--preset--spacing--20)\">Paina Varaa nyt -painiketta ja kirjat siirtyv\u00e4t yl\u00e4reunassa olevaan ostoskoriin.<\/li>\n\n\n\n<li>Voit valita kaikki haluamasi kirjat samaan tilaukseen ja siirty\u00e4 vasta sitten ostoskorin kautta kassalle.<\/li>\n\n\n\n<li style=\"margin-bottom:var(--wp--preset--spacing--20)\">T\u00e4st\u00e4 eteenp\u00e4in liikkumisen ohjeet voi lukea kohdasta <a href=\"https:\/\/shop.tampere.fi\/kirjasarjat\/ohjeet#tilausohje\" data-type=\"page\" data-id=\"2872\">N\u00c4IN TEET TILAUKSEN<\/a>.<\/li>\n<\/ul>\n\n\n\n<h3 class=\"wp-block-heading\">Tietyn kirjan tilaaminen<\/h3>\n\n\n\n<ul class=\"wp-block-list\">\n<li style=\"margin-bottom:var(--wp--preset--spacing--20)\">Kun olet valinnut haluamasi kirjan, siirry sit\u00e4 klikkaamalla tilaussivulle.<\/li>\n\n\n\n<li style=\"margin-bottom:var(--wp--preset--spacing--20)\">Tilaussivun kautta p\u00e4\u00e4set halutessasi verkkokirjastoon katsomaan kirjan kansikuvaa ja lis\u00e4tietoja kirjasta.<\/li>\n\n\n\n<li style=\"margin-bottom:var(--wp--preset--spacing--20)\">Valitse ensin sivulla olevasta kalenterista haluamasi jakso.<\/li>\n\n\n\n<li style=\"margin-bottom:var(--wp--preset--spacing--20)\">Valitse kalenterin\u00e4kym\u00e4st\u00e4 haluamasi jakso. <\/li>\n\n\n\n<li style=\"margin-bottom:var(--wp--preset--spacing--20)\">Valitse sitten kirjapakettien m\u00e4\u00e4r\u00e4. HUOM! Paketti = viisi kirjaa.<\/li>\n<\/ul>\n\n\n<div class=\"wp-block-image\">\n<figure class=\"aligncenter size-full\"><img loading=\"lazy\" decoding=\"async\" width=\"612\" height=\"498\" src=\"https:\/\/shop.tampere.fi\/kirjasarjat\/wp-content\/uploads\/sites\/7\/2025\/10\/Kuva-4-Tuotenakyma-tavallinen-kirja-1.png\" alt=\"\" class=\"wp-image-3858\" srcset=\"https:\/\/shop.tampere.fi\/kirjasarjat\/wp-content\/uploads\/sites\/7\/2025\/10\/Kuva-4-Tuotenakyma-tavallinen-kirja-1.png 612w, https:\/\/shop.tampere.fi\/kirjasarjat\/wp-content\/uploads\/sites\/7\/2025\/10\/Kuva-4-Tuotenakyma-tavallinen-kirja-1-300x244.png 300w, https:\/\/shop.tampere.fi\/kirjasarjat\/wp-content\/uploads\/sites\/7\/2025\/10\/Kuva-4-Tuotenakyma-tavallinen-kirja-1-416x339.png 416w\" sizes=\"auto, (max-width: 612px) 100vw, 612px\" \/><\/figure>\n<\/div>\n\n\n<ul class=\"wp-block-list\">\n<li style=\"margin-bottom:var(--wp--preset--spacing--20)\">Jokaisen valittavan kuukauden\/jakson kohdalla n\u00e4kyy, kuinka monta pakettia kirjoja on j\u00e4ljell\u00e4. Esimerkiksi, jos marraskuun kohdalla lukee 4 j\u00e4ljell\u00e4, t\u00e4m\u00e4 tarkoittaa, ett\u00e4 t\u00e4t\u00e4 kirjaa on j\u00e4ljell\u00e4 20 kpl 2. jaksossa.<\/li>\n\n\n\n<li style=\"margin-bottom:var(--wp--preset--spacing--20)\">Paina Varaa nyt -painiketta ja kirjat siirtyv\u00e4t yl\u00e4reunassa olevaan ostoskoriin.<\/li>\n\n\n\n<li style=\"margin-bottom:var(--wp--preset--spacing--20)\">Jos tahdot lainata sarjan useammalle jaksolle, t\u00e4yt\u00e4 varaus jokaiselle jaksolle erikseen.<\/li>\n\n\n\n<li>Voit valita kaikki haluamasi kirjat samaan tilaukseen ja siirty\u00e4 vasta sitten ostoskorin kautta kassalle.<\/li>\n<\/ul>\n\n\n\n<h3 class=\"wp-block-heading\" id=\"tilausohje\">N\u00e4in teet tilauksen<\/h3>\n\n\n\n<ul class=\"wp-block-list\">\n<li style=\"margin-bottom:var(--wp--preset--spacing--20)\">Tee kaikki haluamasi varaukset loppuun ja siirry tarkastelemaan ostoskoria klikkamalla ostoskorikuvaketta oikeasta yl\u00e4kulmasta.<\/li>\n<\/ul>\n\n\n<div class=\"wp-block-image\">\n<figure class=\"aligncenter size-full\"><img loading=\"lazy\" decoding=\"async\" width=\"645\" height=\"251\" src=\"https:\/\/shop.tampere.fi\/kirjasarjat\/wp-content\/uploads\/sites\/7\/2025\/10\/Kuva-5-Ostoskori-1.png\" alt=\"\" class=\"wp-image-3861\" srcset=\"https:\/\/shop.tampere.fi\/kirjasarjat\/wp-content\/uploads\/sites\/7\/2025\/10\/Kuva-5-Ostoskori-1.png 645w, https:\/\/shop.tampere.fi\/kirjasarjat\/wp-content\/uploads\/sites\/7\/2025\/10\/Kuva-5-Ostoskori-1-300x117.png 300w, https:\/\/shop.tampere.fi\/kirjasarjat\/wp-content\/uploads\/sites\/7\/2025\/10\/Kuva-5-Ostoskori-1-416x162.png 416w\" sizes=\"auto, (max-width: 645px) 100vw, 645px\" \/><\/figure>\n<\/div>\n\n\n<ul class=\"wp-block-list\">\n<li style=\"margin-bottom:var(--wp--preset--spacing--20)\">Tarkista, ett\u00e4 pakettien m\u00e4\u00e4r\u00e4 ja valitut jaksot ovat oikein. Sitten voit siirty\u00e4 kassalle.<\/li>\n\n\n\n<li style=\"margin-bottom:var(--wp--preset--spacing--20)\">T\u00e4yt\u00e4 lomakkeelle tilaajan ja koulun tiedot tarkasti ja muista valita koulusi oikeassa reunassa olevasta pudotusvalikosta.<\/li>\n\n\n\n<li style=\"margin-bottom:var(--wp--preset--spacing--20)\">Huomaa, ett\u00e4 joidenkin koulujen alla on useampia toimipisteit\u00e4.<\/li>\n\n\n\n<li>Sek\u00e4 koulun osoite ett\u00e4 koulun valinta pudotusvalikosta vaaditaan, jotta tilaukset tulevat varmasti oikealle koululle.<\/li>\n<\/ul>\n\n\n<div class=\"wp-block-image\">\n<figure class=\"aligncenter size-full\"><img loading=\"lazy\" decoding=\"async\" width=\"806\" height=\"476\" src=\"https:\/\/shop.tampere.fi\/kirjasarjat\/wp-content\/uploads\/sites\/7\/2025\/10\/Kuva-6-Kassa-1.png\" alt=\"\" class=\"wp-image-3864\" srcset=\"https:\/\/shop.tampere.fi\/kirjasarjat\/wp-content\/uploads\/sites\/7\/2025\/10\/Kuva-6-Kassa-1.png 806w, https:\/\/shop.tampere.fi\/kirjasarjat\/wp-content\/uploads\/sites\/7\/2025\/10\/Kuva-6-Kassa-1-300x177.png 300w, https:\/\/shop.tampere.fi\/kirjasarjat\/wp-content\/uploads\/sites\/7\/2025\/10\/Kuva-6-Kassa-1-768x454.png 768w, https:\/\/shop.tampere.fi\/kirjasarjat\/wp-content\/uploads\/sites\/7\/2025\/10\/Kuva-6-Kassa-1-416x246.png 416w\" sizes=\"auto, (max-width: 806px) 100vw, 806px\" \/><\/figure>\n<\/div>\n\n\n<ul class=\"wp-block-list\">\n<li>Huomioi my\u00f6s, jos koulusi on v\u00e4ist\u00f6ss\u00e4, tarvitsemme sen osoitteen, johon kirjalaatikot halutaan kuljetettavan. T\u00e4ss\u00e4 kohtaa voit valita pudotusvalikosta oman koulusi, mutta laittaa osoitteeseen sen osoitteen, jossa opetus tapahtuu t\u00e4ll\u00e4 hetkell\u00e4.<\/li>\n<\/ul>\n\n\n\n<ul class=\"wp-block-list\">\n<li style=\"margin-bottom:var(--wp--preset--spacing--20)\">Lue ja hyv\u00e4ksy tilausehdot. Tilaus- ja sopimusehdot -linkin takana on kirjasarjojen varauspalvelun k\u00e4ytt\u00f6s\u00e4\u00e4nn\u00f6t ja toimitusehdot, jotka l\u00f6ytyv\u00e4t my\u00f6s sivun yl\u00e4valikosta. Muista lukea ne tarkasti!<\/li>\n\n\n\n<li style=\"margin-bottom:var(--wp--preset--spacing--20)\">L\u00e4het\u00e4 tilaus.<\/li>\n<\/ul>\n\n\n\n<h2 class=\"wp-block-heading\">Tilauksen k\u00e4sittely ja toimitus<\/h2>\n\n\n\n<ul class=\"wp-block-list\">\n<li style=\"margin-bottom:var(--wp--preset--spacing--20)\">Saat s\u00e4hk\u00f6postiisi vahvistuksen varauksestasi ja my\u00f6hemmin varmistuksen, ett\u00e4 tilauksesi on otettu k\u00e4sittelyyn.<\/li>\n\n\n\n<li>Kirjat toimitetaan koululle valitsemasi jakson ensimm\u00e4isell\u00e4&nbsp;<strong>viikolla<\/strong>&nbsp;kuljetusyrityksen aikataulun mukaisesti.<\/li>\n<\/ul>\n\n\n\n<h2 class=\"wp-block-heading\">Palauttaminen<\/h2>\n\n\n\n<ul class=\"wp-block-list\">\n<li style=\"margin-bottom:var(--wp--preset--spacing--20)\">Saat p\u00e4ivitt\u00e4isen muistutuksen 5 vrk ennen laina-ajan loppumista.<\/li>\n\n\n\n<li style=\"margin-bottom:var(--wp--preset--spacing--20)\">Kirjat noudetaan pakattuina sovituilta paikoilta koulusi kuljetusaikataulun mukaisesti. T\u00e4m\u00e4 voi olla milloin tahansa er\u00e4p\u00e4iv\u00e4viikolla.<\/li>\n\n\n\n<li style=\"margin-bottom:var(--wp--preset--spacing--20)\">Kirjojen<strong> pit\u00e4\u00e4 olla<\/strong> kuljetuspaikassa merkittyyn <strong>er\u00e4p\u00e4iv\u00e4\u00e4n<\/strong> menness\u00e4.<\/li>\n\n\n\n<li style=\"margin-bottom:var(--wp--preset--spacing--20)\">My\u00f6h\u00e4styneet kirjat pit\u00e4\u00e4 tilaajan itse palauttaa p\u00e4\u00e4kirjasto Metsoon vahtimestareille tai asiakaspalveluun.<\/li>\n<\/ul>\n\n\n\n<h2 class=\"wp-block-heading\" id=\"pikaohje\">Pikaohje<\/h2>\n\n\n\n<p>Voit <strong>hakea <\/strong>kirjoja joko <strong>oikean yl\u00e4kulman hakutoiminnolla <\/strong>tai <strong>Kaikki kirjat<\/strong> \u2013sivulta yl\u00e4valikosta.<\/p>\n\n\n\n<p>Kaikki kirjat \u2013sivulla voit selata kaikkia kirjoja tai suodattaa kouluasteen ja genren mukaan sinisell\u00e4 pohjalla olevasta valikosta. Huomaathan, ett\u00e4 tuloksia voi olla useita sivuja. Valikko rullautuu l\u00e4pp\u00e4rill\u00e4 kahdella sormella vieritt\u00e4m\u00e4ll\u00e4 ja mobiililaitteella sormella raahaten.<\/p>\n\n\n\n<p>Jos tahdot vapaavalintaisen sarjan, t\u00e4yt\u00e4 tilauksen tiedot valitsemalla \u201dKirjasto valitsee kirjat\u201d -tuote. Kirjasto valitsee -tuote l\u00f6ytyy Kaikki kirjat -sivulta. Muista merkit\u00e4 luokka-aste ja genretoive Lis\u00e4merkinn\u00e4t-kohtaan.<\/p>\n\n\n\n<p>Kun olet valinnut haluamasi kirjan, siirryt tilaussivulle. Sit\u00e4 kautta p\u00e4\u00e4set my\u00f6s halutessasi verkkokirjastoon katsomaan kirjan kansikuvaa ja lis\u00e4tietoja kirjasta.<\/p>\n\n\n\n<p>Valitse ensin sivulla olevasta kalenterista haluamasi lainausjakson kuukausi.<\/p>\n\n\n\n<p>Valitse sitten kirjapakettien m\u00e4\u00e4r\u00e4. HUOM! Paketti = viisi kirjaa. J\u00e4ljell\u00e4 olevien kirjapakettien m\u00e4\u00e4r\u00e4 n\u00e4kyy varattavan kuukauden\/jakson kohdalla, esim. 7 j\u00e4ljell\u00e4 tarkoittaa, ett\u00e4 t\u00e4t\u00e4 kirjaa on j\u00e4ljell\u00e4 35 kpl.<\/p>\n\n\n\n<p>Paina Varaa nyt -painiketta ja kirjat siirtyv\u00e4t yl\u00e4reunassa olevaan ostoskoriin.<\/p>\n\n\n\n<p>Jos tahdot lainata sarjan useammalle lainausjaksolle, t\u00e4yt\u00e4 varaus jokaiselle lainausjaksolle erikseen.<\/p>\n\n\n\n<p>Tee kaikki haluamasi varaukset loppuun ja siirry tarkastelemaan ostoskoria.<\/p>\n\n\n\n<p>Tarkista, ett\u00e4 pakettien m\u00e4\u00e4r\u00e4 ja valitut lainausjaksot ovat oikein. Sitten voit siirty\u00e4 kassalle.<\/p>\n\n\n\n<p>T\u00e4yt\u00e4 lomakkeen tiedot ja valitse koulusi oikeassa reunassa olevasta pudotusvalikosta. Huomaa, ett\u00e4 joidenkin koulujen alla on useampia toimipisteit\u00e4.<\/p>\n\n\n\n<p>Lue ja hyv\u00e4ksy tilausehdot ja l\u00e4het\u00e4 tilaus.<\/p>\n\n\n\n<p>Saat s\u00e4hk\u00f6postiisi vahvistuksen varauksestasi ja my\u00f6hemmin varmistuksen, ett\u00e4 tilauksesi on otettu k\u00e4sittelyyn.<\/p>\n\n\n\n<p>Kirjat toimitetaan koululle valitsemasi jakson ensimm\u00e4isell\u00e4&nbsp;<strong>viikolla<\/strong>&nbsp;kuljetusyrityksen aikataulun mukaisesti.<\/p>\n\n\n\n<p>Saat p\u00e4ivitt\u00e4isen muistutuksen 5 vrk ennen laina-ajan loppumista.<\/p>\n\n\n\n<p>Kirjojen palautuessa kirjastolle, laatikot noudetaan pakattuina sovituilta paikoilta koulusi kuljetusaikataulun mukaisesti. Kirjojen pit\u00e4\u00e4 olla kuljetuspaikassa laatikoihin ja lainauskuitteihin merkittyyn er\u00e4p\u00e4iv\u00e4\u00e4n menness\u00e4.<\/p>\n\n\n\n<p>My\u00f6h\u00e4styneet kirjat tilaajan pit\u00e4\u00e4 itse palauttaa p\u00e4\u00e4kirjasto Metsoon vahtimestareille tai asiakaspalveluun.<\/p>\n","protected":false},"excerpt":{"rendered":"<p>Tervetuloa varaamaan kirjasarjoja koulullesi! Kirjasarjoja voi tilata vain t\u00e4m\u00e4n sivuston kautta. Ohjesivu sis\u00e4lt\u00e4\u00e4 sek\u00e4 yksityiskohtaiset kuvalliset ohjeet ett\u00e4 pikaohjeen (sivun lopussa) varauspalvelun k\u00e4ytt\u00f6\u00f6n. Yksityiskohtainen kuvallinen ohje Kirjojen hakeminen verkkokaupasta Vapaavalintaisen sarjan tilaaminen Tietyn kirjan tilaaminen N\u00e4in teet tilauksen Tilauksen k\u00e4sittely ja toimitus Palauttaminen Pikaohje Voit hakea kirjoja joko oikean yl\u00e4kulman hakutoiminnolla tai Kaikki kirjat \u2013sivulta [&hellip;]<\/p>\n","protected":false},"author":293,"featured_media":0,"parent":0,"menu_order":0,"comment_status":"closed","ping_status":"closed","template":"","meta":{"footnotes":""},"class_list":["post-2872","page","type-page","status-publish","hentry"],"_links":{"self":[{"href":"https:\/\/shop.tampere.fi\/kirjasarjat\/wp-json\/wp\/v2\/pages\/2872","targetHints":{"allow":["GET"]}}],"collection":[{"href":"https:\/\/shop.tampere.fi\/kirjasarjat\/wp-json\/wp\/v2\/pages"}],"about":[{"href":"https:\/\/shop.tampere.fi\/kirjasarjat\/wp-json\/wp\/v2\/types\/page"}],"author":[{"embeddable":true,"href":"https:\/\/shop.tampere.fi\/kirjasarjat\/wp-json\/wp\/v2\/users\/293"}],"replies":[{"embeddable":true,"href":"https:\/\/shop.tampere.fi\/kirjasarjat\/wp-json\/wp\/v2\/comments?post=2872"}],"version-history":[{"count":37,"href":"https:\/\/shop.tampere.fi\/kirjasarjat\/wp-json\/wp\/v2\/pages\/2872\/revisions"}],"predecessor-version":[{"id":6516,"href":"https:\/\/shop.tampere.fi\/kirjasarjat\/wp-json\/wp\/v2\/pages\/2872\/revisions\/6516"}],"wp:attachment":[{"href":"https:\/\/shop.tampere.fi\/kirjasarjat\/wp-json\/wp\/v2\/media?parent=2872"}],"curies":[{"name":"wp","href":"https:\/\/api.w.org\/{rel}","templated":true}]}}