{"id":214,"date":"2026-05-07T09:41:58","date_gmt":"2026-05-07T06:41:58","guid":{"rendered":"https:\/\/shop.tampere.fi\/amurinmuseokortteli\/tuote\/saunalippu-3\/"},"modified":"2026-05-11T15:47:10","modified_gmt":"2026-05-11T12:47:10","slug":"saunalippu-3","status":"publish","type":"product","link":"https:\/\/shop.tampere.fi\/amurinmuseokortteli\/tuote\/saunalippu-3\/?lang=en","title":{"rendered":"Men&#8217;s sauna on thursdays 6\u20137.45 pm"},"content":{"rendered":"<p class=\"MsoNormal\"><span lang=\"EN-US\">Welcome to the Amuri Museum of Historic Housing to take a sauna!\u00a0<\/span><span lang=\"EN-GB\">\u00a0<br \/><\/span><span lang=\"EN-US\">In the summer of 2026, we offer museum sauna experiences for both individual visitors and groups. Since the museum sauna does not have separate changing rooms, washing and sauna facilities for women and men, the public shifts are either women&#8217;s or men&#8217;s shifts on separate days. Group bookings should also note that everyone gets dressed,\u00a0washes\u00a0and takes the sauna in the same rooms. The sauna is not accessible.\u00a0<\/span><span lang=\"EN-GB\">\u00a0<br \/>\u00a0<br \/><\/span><span lang=\"EN-US\">\u2022 Buy your admission ticket in advance from the museum&#8217;s online store. The pre-purchased ticket is scanned at the ticket office\u00a0located\u00a0at the entrance to the Amuri Museum. If there is room in the sauna, payment can also be made on site. Online ticket sales end 2 hours before the start of the sauna shift.\u00a0<\/span><span lang=\"EN-GB\">\u00a0<br \/><\/span><span lang=\"EN-US\">\u2022 Bring your own towel, bench\u00a0cover\u00a0and cleaning products. Towels and bench covers can also be rented from the sauna or in advance from the museum&#8217;s online store.\u00a0<\/span><span lang=\"EN-GB\">\u00a0<br \/><\/span><span lang=\"EN-US\">\u2022 You can bring your own non-alcoholic sauna drinks in plastic bottles. Drinks are also sold at the sauna.\u00a0<\/span><span lang=\"EN-GB\">\u00a0<br \/><\/span><span lang=\"EN-US\">\u2022 Your ticket gives you access to the sauna from 6 pm (public hours) or from 8 pm (groups).<\/span><span lang=\"EN-GB\">\u00a0<\/span><\/p>\n<pre id=\"tw-target-text\" class=\"tw-data-text tw-text-large tw-ta\" dir=\"ltr\" role=\"text\" data-placeholder=\"K\u00e4\u00e4nn\u00f6s\" data-ved=\"2ahUKEwjv0_vI_bCUAxWxBhAIHa6fIL4Q3ewLegQIDRAV\" aria-label=\"K\u00e4\u00e4nnetty teksti: \u2022 Sauna price list \r\n\u2022 Public shift (6\u20137:45 p.m.) \r\n\u2022 \u00b7adults16 \u20ac \r\n\u2022 \u00b7children (7\u201318 years) 8 \u20ac \r\n\u2022 \u2019 children under 7 years 0 \u20ac \r\n\u2022 \u00b7seniors12 \u20ac \r\n\u2022 \r\n\u2022 Private shift (8\u20139:45 p.m.) \r\n\u2022 \u00b7group (max. 15 people) 180 \u20ac \r\n\u2022 \r\n\u2022 Rental products \r\n\u2022 \u00b7towel 4 \u20ac \r\n\u2022 \u00b7table cloth 1 \u20ac\"><span class=\"Y2IQFc\" lang=\"en\">\u00a0<\/span><\/pre>\n<p class=\"MsoNormal\">thu 28 May men&#8217;s shift 6\u20137.45 PM<\/p>\n<p class=\"MsoNormal\">thu 25 June men&#8217;s shift 6\u20137.45 PM<\/p>\n<p class=\"MsoNormal\">thu 30 July men&#8217;s shift 6\u20137.45 PM<\/p>\n<p class=\"MsoNormal\">thu 27 August men&#8217;s shift 6\u20137.45 PM<\/p>\n<p class=\"MsoNormal\">thu 24 September men&#8217;s shift 6\u20137.45 PM<\/p>\n<p class=\"MsoNormal\">\u00a0<\/p>\n<p class=\"MsoNormal\">Private shifts from 8-9.45 PM can be booked separately.<\/p>\n<p class=\"MsoNormal\">It is not possible to arrange sauna shifts at other times.<\/p>\n","protected":false},"excerpt":{"rendered":"<p>Welcome to the Amuri Museum of Historic Housing to take a sauna!\u00a0\u00a0In the summer of 2026, we offer museum sauna experiences for both individual visitors and groups. Since the museum sauna does not have separate changing rooms, washing and sauna facilities for women and men, the public shifts are either women&#8217;s or men&#8217;s shifts on [&hellip;]<\/p>\n","protected":false},"featured_media":392,"template":"","meta":[],"product_brand":[],"product_cat":[44],"product_tag":[],"class_list":{"0":"post-214","1":"product","2":"type-product","3":"status-publish","4":"has-post-thumbnail","6":"product_cat-amuri-sauna","8":"first","9":"instock","10":"virtual","11":"taxable","12":"purchasable","13":"product-type-phive_booking"},"_links":{"self":[{"href":"https:\/\/shop.tampere.fi\/amurinmuseokortteli\/wp-json\/wp\/v2\/product\/214","targetHints":{"allow":["GET"]}}],"collection":[{"href":"https:\/\/shop.tampere.fi\/amurinmuseokortteli\/wp-json\/wp\/v2\/product"}],"about":[{"href":"https:\/\/shop.tampere.fi\/amurinmuseokortteli\/wp-json\/wp\/v2\/types\/product"}],"wp:featuredmedia":[{"embeddable":true,"href":"https:\/\/shop.tampere.fi\/amurinmuseokortteli\/wp-json\/wp\/v2\/media\/392"}],"wp:attachment":[{"href":"https:\/\/shop.tampere.fi\/amurinmuseokortteli\/wp-json\/wp\/v2\/media?parent=214"}],"wp:term":[{"taxonomy":"product_brand","embeddable":true,"href":"https:\/\/shop.tampere.fi\/amurinmuseokortteli\/wp-json\/wp\/v2\/product_brand?post=214"},{"taxonomy":"product_cat","embeddable":true,"href":"https:\/\/shop.tampere.fi\/amurinmuseokortteli\/wp-json\/wp\/v2\/product_cat?post=214"},{"taxonomy":"product_tag","embeddable":true,"href":"https:\/\/shop.tampere.fi\/amurinmuseokortteli\/wp-json\/wp\/v2\/product_tag?post=214"}],"curies":[{"name":"wp","href":"https:\/\/api.w.org\/{rel}","templated":true}]}}